mon factor of 4578 and 252.
42
Calculate the highest common factor of 645 and 387.
129
Calculate the greatest common factor of 130 and 10.
10
Calculate the greatest common factor of 153 and 12.
3
What is the greatest common factor of 126 and 238?
14
What is the highest common factor of 25 and 640?
5
Calculate the greatest common divisor of 305 and 183.
61
What is the highest common factor of 3053 and 142?
71
Calculate the highest common divisor of 648 and 48.
24
What is the highest common factor of 1273 and 19?
19
Calculate the highest common factor of 1207 and 612.
17
What is the greatest common divisor of 297 and 18?
9
What is the highest common factor of 2864 and 537?
179
What is the highest common factor of 15119 and 26?
13
Calculate the greatest common divisor of 27 and 10539.
9
What is the highest common divisor of 511 and 438?
73
What is the highest common factor of 22150 and 10?
10
Calculate the greatest common divisor of 154 and 15400.
154
Calculate the highest common factor of 1254 and 9614.
418
What is the highest common factor of 48 and 168?
24
Calculate the greatest common divisor of 14 and 3584.
14
What is the highest common divisor of 1600 and 1075?
25
What is the greatest common divisor of 1 and 9?
1
What is the greatest common factor of 3013 and 115?
23
Calculate the greatest common factor of 3232 and 707.
101
What is the highest common divisor of 1944 and 432?
216
Calculate the greatest common factor of 161 and 26887.
161
What is the highest common divisor of 774 and 36?
18
Calculate the highest common divisor of 37 and 2072.
37
What is the greatest common factor of 2955 and 10?
5
What is the greatest common factor of 57 and 2337?
57
Calculate the highest common factor of 64 and 676.
4
What is the highest common factor of 153 and 136?
17
What is the highest common factor of 2197 and 1?
1
What is the highest common factor of 5959 and 202?
101
Calculate the highest common factor of 27 and 279.
9
What is the greatest common factor of 12 and 1008?
12
Calculate the highest common factor of 18432 and 36.
36
What is the greatest common divisor of 1062 and 2?
2
What is the greatest common factor of 4171 and 97?
97
What is the highest common factor of 204 and 68?
68
Calculate the greatest common factor of 51 and 187.
17
Calculate the highest common factor of 384 and 168.
24
What is the highest common factor of 492 and 48?
12
Calculate the greatest common divisor of 42 and 1330.
14
Calculate the highest common divisor of 552 and 48.
24
Calculate the highest common factor of 110 and 70.
10
What is the greatest common factor of 9218 and 33?
11
Calculate the highest common divisor of 504 and 63.
63
Calculate the greatest common factor of 592 and 37.
37
Calculate the greatest common divisor of 9 and 1.
1
Calculate the highest common factor of 3526 and 602.
86
What is the highest common divisor of 108 and 52?
4
Calculate the greatest common factor of 14 and 31087.
7
Calculate the highest common divisor of 437 and 2093.
23
What is the highest common factor of 90 and 225?
45
What is the highest common divisor of 400 and 152?
8
Calculate the greatest common factor of 109747 and 121.
121
What is the greatest common divisor of 1448 and 8?
8
What is the highest common divisor of 854 and 488?
122
What is the greatest common factor of 3616 and 192?
32
What is the greatest common divisor of 120 and 75?
15
What is the greatest common divisor of 91 and 7?
7
Calculate the greatest common divisor of 32 and 2.
2
What is the highest common divisor of 2548 and 2058?
98
What is the highest common factor of 128 and 3904?
64
What is the greatest common divisor of 20 and 7604?
4
What is the greatest common factor of 10 and 540?
10
Calculate the greatest common divisor of 35 and 5971.
7
Calculate the highest common factor of 70 and 18410.
70
What is the highest common factor of 47 and 7849?
47
Calculate the greatest common factor of 69 and 96.
3
Calculate the greatest common divisor of 2442 and 66.
66
What is the greatest common factor of 40 and 184?
8
Calculate the highest common factor of 918 and 1242.
54
What is the highest common divisor of 275 and 1177?
11
Calculate the highest common divisor of 27 and 1161.
27
What is the greatest common factor of 1241 and 949?
73
What is the highest common divisor of 273 and 8736?
273
What is the highest common factor of 17490 and 60?
30
Calculate the greatest common factor of 8 and 1148.
4
What is the greatest common factor of 438 and 1168?
146
What is the greatest common factor of 1230 and 30?
30
Calculate the highest common factor of 177 and 236.
59
What is the highest common divisor of 56 and 476?
28
Calculate the greatest common factor of 4 and 956.
4
Calculate the greatest common divisor of 1968 and 528.
48
Calculate the greatest common factor of 4 and 28.
4
Calculate the greatest common factor of 10 and 175.
5
Calculate the highest common factor of 1144 and 264.
88
What is the highest common divisor of 119 and 49?
7
What is the greatest common factor of 201 and 134?
67
What is the highest common divisor of 297 and 1518?
33
Calculate the greatest common divisor of 425 and 45.
5
What is the greatest common factor of 54 and 72?
18
What is the greatest common factor of 126 and 144?
18
Calculate the highest common divisor of 472 and 59.
59
What is the highest common factor of 84 and 21?
21
What is the highest common factor of 26 and 4?
2
What is the highest common factor of 200 and 920?
40
Calculate the highest common factor of 860 and 10.
10
Calculate the greatest common divisor of 9 and 477.
9
Calculate the greatest common divisor of 23 and 368.
23
Calculate the greatest common factor of 940 and 6.
2
What is the highest common divisor of 4509 and 334?
167
What is the greatest common factor of 45 and 1800?
45
Calculate the greatest common divisor of 708 and 36.
12
What is the greatest common divisor of 413 and 649?
59
What is the highest common factor of 101 and 101?
101
What is the highest common factor of 39 and 1989?
39
What is the greatest common divisor of 2669 and 34?
17
Calculate the greatest common divisor of 12 and 1038.
6
Calculate the highest common divisor of 405 and 170.
5
Calculate the greatest common factor of 656 and 820.
164
Calculate the greatest common divisor of 42 and 39.
3
Calculate the highest common factor of 4 and 11.
1
What is the greatest common divisor of 4117 and 23?
23
What is the greatest common factor of 223 and 1?
1
Calculate the greatest common factor of 60933 and 57.
57
Calculate the highest common factor of 117 and 9.
9
What is the greatest common divisor of 13 and 208?
13
Calculate the greatest common divisor of 33 and 143.
11
What is the highest common factor of 54 and 34758?
18
What is the greatest common factor of 168 and 30072?
168
What is the greatest common divisor of 21 and 3?
3
What is the highest common factor of 14 and 392?
14
Calculate the highest common factor of 979 and 143.
11
What is the greatest common divisor of 21 and 6?
3
Calculate the greatest common divisor of 9675 and 516.
129
Calculate the greatest common divisor of 80 and 184.
8
What is the greatest common factor of 7 and 847?
7
Calculate the greatest common divisor of 165 and 30.
15
Calculate the greatest common factor of 972 and 288.
36
Calculate the highest common divisor of 64 and 320.
64
Calculate the highest common factor of 145 and 2813.
29
What is the highest common divisor of 583 and 212?
53
What is the highest common factor of 666 and 5587?
37
What is the highest common divisor of 28 and 252?
28
What is the highest common factor of 2761 and 11?
11
What is the greatest common divisor of 1677 and 156?
39
What is the highest common factor of 10136 and 616?
56
Calculate the highest common divisor of 13962 and 52.
26
What is the highest common divisor of 5064 and 72?
24
Calculate the greatest common divisor of 1825 and 25.
25
What is the greatest common divisor of 2378 and 58?
58
What is the highest common divisor of 32 and 992?
32
Calculate the highest common divisor of 870 and 6.
6
Calculate the greatest common divisor of 4717 and 53.
53
What is the highest common divisor of 103 and 1648?
103
What is the highest common divisor of 16 and 53552?
16
Calculate the greatest common factor of 2646 and 8